{"id":1107,"date":"2026-02-26T11:06:43","date_gmt":"2026-02-26T11:06:43","guid":{"rendered":"https:\/\/amza-cleanline.com\/?page_id=1107"},"modified":"2026-04-06T12:54:27","modified_gmt":"2026-04-06T12:54:27","slug":"acasa","status":"publish","type":"page","link":"https:\/\/amza-cleanline.com\/","title":{"rendered":"Acasa"},"content":{"rendered":"<div class=\"brz brz-root__container brz-reset-all brz-root__container-page\">\n<section id=\"t23be5B77cBN_t23be5B77cBN\" class=\"brz-section brz-css-d-section brz-css-1fx9xbg\">\n<div class=\"brz-section__content brz-section--boxed brz-css-d-sectionitem-bg brz-css-1jvbwq9\" data-brz-custom-id=\"cjd4LumAMcCC\">\n<div class=\"brz-bg\">\n<div class=\"brz-bg-image brz-bg-image-parallax\"><\/div>\n<\/div>\n<div class=\"brz-container brz-css-d-sectionitem-container brz-css-gyc0wl\">\n<div class=\"brz-row__container brz-css-d-row-row brz-css-1bqmlf0\" data-brz-custom-id=\"ceb0ctOwybKf\">\n<div class=\"brz-row brz-css-d-row-container brz-css-r-row-container brz-css-1gkvvxr\">\n<div class=\"brz-columns brz-css-d-column-column brz-css-1culkg0 texte-blur\" data-brz-custom-id=\"xQjMmRFFoJk3\">\n<div class=\"brz-bg\">\n<div class=\"brz-bg-color\"><\/div>\n<\/div>\n<div class=\"brz-column__items brz-css-d-column-bg brz-css-yahln6\">\n<div id=\"\" class=\"brz-css-d-wrapper brz-css-1rzwah4 brz-wrapper tag1\">\n<div class=\"brz-rich-text brz-rich-text__custom brz-css-d-richtext brz-css-mpfr14\" data-brz-custom-id=\"u8dSKloHjkYF\">\n<div data-brz-translate-text=\"1\">\n<p class=\"brz-fsft-lg-0 brz-fwdth-lg-100 brz-vfw-lg-400 brz-lh-lg-1_5 brz-ls-lg-1_1 brz-fw-lg-400 brz-fss-lg-px brz-fs-lg-31 brz-ft-google brz-ff-noto_serif brz-tp-lg-empty brz-text-lg-left brz-text-xs-center brz-css-pu8zP\" data-generated-css=\"brz-css-x4iTT\" data-uniq-id=\"nBF2F\"><strong class=\"brz-bold-true brz-italic-true\"><em>AMZA CLEANLINE<\/em><\/strong><\/p>\n<p class=\"brz-text-lg-left brz-lh-lg-1_5 brz-vfw-lg-400 brz-fwdth-lg-100 brz-fsft-lg-0 brz-tp-lg-empty brz-ff-noto_serif brz-ft-google brz-fs-lg-28 brz-fss-lg-px brz-fw-lg-400 brz-ls-lg-0_5 brz-text-xs-center brz-css-muFsw\" data-generated-css=\"brz-css-gfuQl\" data-uniq-id=\"aoyZa\"><em class=\"brz-italic-true\">Noua genera\u021bie de detergen\u021bi \u0219i balsam de rufe cu putere mare de \u00eenmuiere \u0219i cur\u0103\u021bare.<\/em><\/p>\n<p class=\"brz-text-lg-left brz-tp-lg-empty brz-ff-playfair_display brz-ft-google brz-fs-lg-55 brz-fss-lg-px brz-fw-lg-700 brz-ls-lg-0_7 brz-lh-lg-1_5 brz-vfw-lg-400 brz-fwdth-lg-100 brz-fsft-lg-0 brz-text-xs-center brz-tp-xs-empty brz-fs-xs-42 brz-fss-xs-px brz-fw-xs-700 brz-ls-xs-0_7 brz-lh-xs-1_3 brz-vfw-xs-400 brz-fwdth-xs-100 brz-fsft-xs-0 brz-tp-sm-empty brz-fs-sm-51 brz-fss-sm-px brz-fw-sm-700 brz-ls-sm-0_7 brz-lh-sm-1_3 brz-vfw-sm-400 brz-fwdth-sm-100 brz-fsft-sm-0 brz-css-noocU\" data-generated-css=\"brz-css-cSSTb\" data-uniq-id=\"xVGWe\"><em class=\"brz-italic-true\">Cur\u0103\u021bare eficient\u0103 pentru familiile moderne !<\/em><\/p>\n<\/div>\n<\/div>\n<\/div>\n<div class=\"brz-row__container brz-css-d-row-row brz-css-1c4iwjo\" data-brz-custom-id=\"ulIPOcbnKXMh\">\n<div class=\"brz-row brz-row--inner brz-css-d-row-container brz-css-fr7jvo\">\n<div class=\"brz-columns brz-css-d-column-column brz-css-4dvncr\" data-brz-custom-id=\"inA8rTwEhCRT\">\n<div class=\"brz-column__items brz-css-d-column-bg brz-css-e8wfbd\">\n<div id=\"\" class=\"brz-css-d-wrapper brz-css-1op7v7l brz-wrapper\">\n<div class=\"brz-image brz-css-d-image-wmqowqn2qmb2-parent brz-css-h5d9ju\" data-brz-custom-id=\"wMqOwqN2Qmb2\"><img decoding=\"async\" class=\"brz-img\" src=\"https:\/\/amza-cleanline.com\/wp-content\/uploads\/2026\/03\/Detergenti-si-balsam-2.jpg\" loading=\"lazy\" alt=\"\" title=\"Detergenti-si-balsam-2\"><\/div>\n<\/div>\n<\/div>\n<\/div>\n<\/div>\n<\/div>\n<div class=\"brz-row__container brz-css-d-row-row brz-css-c91taf\" data-brz-custom-id=\"eN60k4cRsjBe\">\n<div class=\"brz-row brz-row--inner brz-css-d-row-container brz-css-1gwq5d5\">\n<div class=\"brz-columns brz-css-d-column-column brz-css-t2ukyf\" data-brz-custom-id=\"rzVKqp02cLa1\">\n<div class=\"brz-column__items brz-css-d-column-bg brz-css-18eg7oo\">\n<div id=\"\" class=\"brz-css-d-wrapper brz-css-54uh2w brz-wrapper\">\n<div class=\"brz-image brz-css-d-image-k_xkrnlrf5j4-parent brz-css-132zfdq\" data-brz-custom-id=\"k_xkRNLRF5J4\"><img decoding=\"async\" class=\"brz-img\" src=\"https:\/\/amza-cleanline.com\/wp-content\/uploads\/2026\/02\/8241db46cccb099a49145db8a9fb4546.jpg\" loading=\"lazy\" alt=\"\" title=\"8241db46cccb099a49145db8a9fb4546\"><\/div>\n<\/div>\n<\/div>\n<\/div>\n<div class=\"brz-columns brz-css-d-column-column brz-css-ga6xpc\" data-brz-custom-id=\"wV_DibA2f1Cw\">\n<div class=\"brz-column__items brz-css-d-column-bg brz-css-1onmau2\">\n<div id=\"\" class=\"brz-css-d-wrapper brz-css-1vs6pfb brz-wrapper\">\n<div class=\"brz-rich-text brz-rich-text__custom brz-css-d-richtext brz-css-1hhhh1m\" data-brz-custom-id=\"sthXTMqF3l1s\">\n<div data-brz-translate-text=\"1\">\n<p class=\"brz-tp-lg-empty brz-ff-noto_serif brz-ft-google brz-fs-lg-29 brz-fss-lg-px brz-fw-lg-400 brz-ls-lg-0_4 brz-lh-lg-1_4 brz-vfw-lg-400 brz-fwdth-lg-100 brz-fsft-lg-0 brz-css-ovA4o\" data-uniq-id=\"lvq0E\" data-generated-css=\"brz-css-yj39p\"><strong class=\"brz-italic-true brz-bold-true\"><em>AMZA CLEANLINE<\/em><\/strong><em class=\"brz-italic-true\"> ofer\u0103 solu\u021bii de cur\u0103\u021bare pentru rufe cu utilizare zilnic\u0103 \u2014 formule eficiente care \u00eembin\u0103 performan\u021ba cur\u0103\u021b\u0103rii profunde cu prospe\u021bimea de durat\u0103. <\/em><\/p>\n<p class=\"brz-fsft-lg-0 brz-fwdth-lg-100 brz-vfw-lg-400 brz-lh-lg-1_4 brz-ls-lg-0_4 brz-fw-lg-400 brz-fss-lg-px brz-fs-lg-29 brz-ft-google brz-ff-noto_serif brz-tp-lg-empty brz-css-f9i1F\" data-uniq-id=\"zyNm_\" data-generated-css=\"brz-css-wkOlR\"><\/p>\n<p class=\"brz-fsft-lg-0 brz-fwdth-lg-100 brz-vfw-lg-400 brz-lh-lg-1_4 brz-ls-lg-0_4 brz-fw-lg-400 brz-fss-lg-px brz-fs-lg-29 brz-ft-google brz-ff-noto_serif brz-tp-lg-empty brz-css-wzm3S\" data-uniq-id=\"lstG2\" data-generated-css=\"brz-css-pc4KZ\"><em class=\"brz-italic-true\">Gama noastr\u0103 include detergen\u021bi \u0219i balsamuri create pentru nevoile fiec\u0103rei familii: de la articolele copiilor, p\u00e2n\u0103 la rufe cu murd\u0103rie dificil\u0103.<\/em><\/p>\n<p class=\"brz-fsft-lg-0 brz-fwdth-lg-100 brz-vfw-lg-400 brz-lh-lg-1_4 brz-ls-lg-0_4 brz-fw-lg-400 brz-fss-lg-px brz-fs-lg-29 brz-ft-google brz-ff-noto_serif brz-tp-lg-empty brz-css-qZuXj\" data-uniq-id=\"zquW_\" data-generated-css=\"brz-css-frc_o\"><\/p>\n<p class=\"brz-tp-lg-empty brz-ff-noto_serif brz-ft-google brz-fs-lg-29 brz-fss-lg-px brz-fw-lg-400 brz-ls-lg-0_4 brz-lh-lg-1_4 brz-vfw-lg-400 brz-fwdth-lg-100 brz-fsft-lg-0 brz-css-iImeb\" data-uniq-id=\"ljEj0\" data-generated-css=\"brz-css-y9LUz\"><em class=\"brz-italic-true\">Produsele din gama <\/em><strong class=\"brz-italic-true brz-bold-true\"><em>AMZA CLEANLINE<\/em><\/strong><em class=\"brz-italic-true\"> sunt dezvoltate pentru a fi potrivite majorit\u0103\u021bii tipurilor de \u021bes\u0103turi. <\/em><\/p>\n<\/div>\n<\/div>\n<\/div>\n<\/div>\n<\/div>\n<\/div>\n<\/div>\n<\/div>\n<\/div>\n<\/div>\n<\/div>\n<div id=\"\" class=\"brz-css-d-wrapper brz-css-16o2cs8 brz-wrapper\">\n<div class=\"brz-rich-text brz-rich-text__custom brz-css-d-richtext brz-css-s4p8ar\" data-brz-custom-id=\"tVaUuSRID_ki\">\n<div data-brz-translate-text=\"1\">\n<p class=\"brz-tp-lg-paragraph brz-css-xGgzt\" data-generated-css=\"brz-css-iikCL\" data-uniq-id=\"jSTMn\"><\/p>\n<\/div>\n<\/div>\n<\/div>\n<\/div>\n<\/div>\n<\/section>\n<section id=\"s0q9J9FytTQl_s0q9J9FytTQl\" class=\"brz-section brz-css-d-section brz-css-15hdv38\">\n<div class=\"brz-section__content brz-section--boxed brz-css-d-sectionitem-bg brz-css-15t9uz9\" data-brz-custom-id=\"vJIY7VYrswdz\">\n<div class=\"brz-bg\">\n<div class=\"brz-bg-image\"><\/div>\n<div class=\"brz-bg-color\"><\/div>\n<\/div>\n<div class=\"brz-container brz-css-d-sectionitem-container brz-css-ele4pk\">\n<div id=\"\" class=\"brz-css-d-wrapper brz-css-p11o8l brz-wrapper\">\n<div class=\"brz-rich-text brz-rich-text__custom brz-css-d-richtext brz-css-13lrwrf\" data-brz-custom-id=\"qCZFdxa5DxHe\">\n<div data-brz-translate-text=\"1\">\n<p class=\"brz-tp-lg-empty brz-ff-noto_serif brz-ft-google brz-fs-lg-29 brz-fss-lg-px brz-fw-lg-400 brz-ls-lg-0 brz-lh-lg-1_5 brz-vfw-lg-400 brz-fwdth-lg-100 brz-fsft-lg-0 brz-css-pegf1\" data-uniq-id=\"uKzmy\" data-generated-css=\"brz-css-b37NC\"><em class=\"brz-italic-true\">Detergen\u021bii si balsamul de rufe din gama <\/em><strong class=\"brz-italic-true brz-bold-true\"><em>AMZA CLEANLINE<\/em><\/strong><em class=\"brz-italic-true\"> au formule echilibrate, cu sistem multi-activ de agen\u021bi de cur\u0103\u021bare, dezvoltate pentru performan\u021b\u0103 optim\u0103.<\/em><\/p>\n<\/div>\n<\/div>\n<\/div>\n<div class=\"brz-row__container brz-css-d-row-row brz-css-ayeumr\" data-brz-custom-id=\"r0H7ZUjolM50\">\n<div class=\"brz-row brz-css-d-row-container brz-css-r-row-container brz-css-1cnzm8m\">\n<div class=\"brz-columns brz-css-d-column-column brz-css-exlh08 texte-blur\" data-brz-custom-id=\"oIlpHcIsRTgd\">\n<div class=\"brz-bg\">\n<div class=\"brz-bg-color\"><\/div>\n<\/div>\n<div class=\"brz-column__items brz-css-d-column-bg brz-css-1gmdh2r\">\n<div id=\"\" class=\"brz-css-d-wrapper brz-css-1t8qox2 brz-wrapper\">\n<div class=\"brz-line brz-line-default brz-css-d-line brz-css-6wc7qp\" data-brz-custom-id=\"i7wqCufghOnm\">\n<hr class=\"brz-hr\"><\/div>\n<\/div>\n<div class=\"brz-row__container brz-css-d-row-row brz-css-xxr5d8\" data-brz-custom-id=\"c18ZQsMmuhiG\">\n<div class=\"brz-row brz-row--inner brz-css-d-row-container brz-css-18tok1e\">\n<div class=\"brz-columns brz-css-d-column-column brz-css-k5tezn\" data-brz-custom-id=\"bIsipZuU53hH\">\n<div class=\"brz-column__items brz-css-d-column-bg brz-css-kszl3p\">\n<div id=\"\" class=\"brz-css-d-wrapper brz-css-xwfacr brz-wrapper\">\n<div class=\"brz-rich-text brz-rich-text__custom brz-css-d-richtext brz-css-1ncgk6u\" data-brz-custom-id=\"msjk44QwAjO3\">\n<div data-brz-translate-text=\"1\">\n<p class=\"brz-text-lg-center brz-tp-lg-empty brz-ff-noto_serif brz-ft-google brz-fs-lg-24 brz-fss-lg-px brz-fw-lg-700 brz-ls-lg-0 brz-lh-lg-1_5 brz-vfw-lg-400 brz-fwdth-lg-100 brz-fsft-lg-0 brz-css-lsVUk\" data-uniq-id=\"scb4j\" data-generated-css=\"brz-css-u1H5l\"><em class=\"brz-italic-true brz-cp-color5\">\u2714 Sistem multi-activ de cur\u0103\u021bare.<\/em><\/p>\n<\/div>\n<\/div>\n<\/div>\n<div id=\"\" class=\"brz-css-d-wrapper brz-css-ttpp3x brz-wrapper\">\n<div class=\"brz-image brz-css-d-image-swkyescnhql8-parent brz-css-tb1l9h\" data-brz-custom-id=\"swkYEsCNHQl8\"><img decoding=\"async\" class=\"brz-img\" src=\"https:\/\/amza-cleanline.com\/wp-content\/uploads\/brizy\/imgs\/084a58ea34037c53f29f13dc709488ea-334x418x0x61x334x297x1772225581.jpg\" loading=\"lazy\" alt=\"\" title=\"??\"><\/div>\n<\/div>\n<div id=\"\" class=\"brz-css-d-wrapper brz-css-utgvq1 brz-wrapper\">\n<div class=\"brz-rich-text brz-rich-text__custom brz-css-d-richtext brz-css-ko6biw\" data-brz-custom-id=\"wf2wAqBr3jks\">\n<div data-brz-translate-text=\"1\">\n<p data-generated-css=\"brz-css-vtJg1\" data-uniq-id=\"b3Scr\" class=\"brz-vfw-lg-400 brz-fwdth-lg-100 brz-fsft-lg-0 brz-tp-lg-empty brz-ff-noto_serif brz-ft-google brz-fs-lg-21 brz-fss-lg-px brz-fw-lg-400 brz-ls-lg-0 brz-lh-lg-1_6 brz-css-zZJiY\"><em class=\"brz-cp-color5 brz-italic-true\">Combina\u021bie echilibrat\u0103 de agen\u021bi de cur\u0103\u021bare pentru \u00eendep\u0103rtarea eficient\u0103 a petelor uzuale.<\/em><\/p>\n<\/div>\n<\/div>\n<\/div>\n<\/div>\n<\/div>\n<div class=\"brz-columns brz-css-d-column-column brz-css-rnffuj\" data-brz-custom-id=\"tmGkA1c3gbB_\">\n<div class=\"brz-column__items brz-css-d-column-bg brz-css-jgojtc\">\n<div id=\"\" class=\"brz-css-d-wrapper brz-css-1f6mo77 brz-wrapper\">\n<div class=\"brz-rich-text brz-rich-text__custom brz-css-d-richtext brz-css-z6qwh9\" data-brz-custom-id=\"wX0WoLArzWmC\">\n<div data-brz-translate-text=\"1\">\n<p class=\"brz-text-lg-center brz-tp-lg-empty brz-ff-noto_serif brz-ft-google brz-fs-lg-24 brz-fss-lg-px brz-fw-lg-700 brz-ls-lg-m_0_5 brz-lh-lg-1_5 brz-vfw-lg-400 brz-fwdth-lg-100 brz-fsft-lg-0 brz-css-k3cUH\" data-uniq-id=\"lwiLE\" data-generated-css=\"brz-css-bm0hW\"><em class=\"brz-italic-true brz-cp-color5\">\u2714 Formule concentrate<\/em><\/p>\n<\/div>\n<\/div>\n<\/div>\n<div id=\"\" class=\"brz-css-d-wrapper brz-css-rbbbs9 brz-wrapper\">\n<div class=\"brz-image brz-css-d-image-rihw0yoz9gyb-parent brz-css-1c8vli5\" data-brz-custom-id=\"rihW0Yoz9GYB\"><img decoding=\"async\" class=\"brz-img\" src=\"https:\/\/amza-cleanline.com\/wp-content\/uploads\/brizy\/imgs\/a961f7b2b7fadadb200e915b426e6e54-371x297x22x0x334x297x1772225580.jpg\" loading=\"lazy\" alt=\"\" title=\"a961f7b2b7fadadb200e915b426e6e54\"><\/div>\n<\/div>\n<div id=\"\" class=\"brz-css-d-wrapper brz-css-if9xn2 brz-wrapper\">\n<div class=\"brz-rich-text brz-rich-text__custom brz-css-d-richtext brz-css-1tmpoe9\" data-brz-custom-id=\"zvIzhlepmJ5o\">\n<div data-brz-translate-text=\"1\">\n<p class=\"brz-lh-lg-1_7 brz-ls-lg-0 brz-fw-lg-400 brz-fss-lg-px brz-fs-lg-21 brz-ft-google brz-ff-noto_serif brz-tp-lg-empty brz-fsft-lg-0 brz-fwdth-lg-100 brz-vfw-lg-400 brz-css-aEgvN\" data-uniq-id=\"ehJuL\" data-generated-css=\"brz-css-uM4Tv\"><em class=\"brz-italic-true brz-cp-color5\">Esen\u021be \u0219i uleiuri naturale, tehnologie cu microcapsule care elibereaza parfumul dupa uscare (activare prin miscare).<\/em><\/p>\n<\/div>\n<\/div>\n<\/div>\n<\/div>\n<\/div>\n<div class=\"brz-columns brz-css-d-column-column brz-css-17fcxdm\" data-brz-custom-id=\"oeLexkRuxIBL\">\n<div class=\"brz-column__items brz-css-d-column-bg brz-css-thqxq7\">\n<div id=\"\" class=\"brz-css-d-wrapper brz-css-1jtjuln brz-wrapper\">\n<div class=\"brz-rich-text brz-rich-text__custom brz-css-d-richtext brz-css-amadqi\" data-brz-custom-id=\"kg9hLtxJwaRJ\">\n<div data-brz-translate-text=\"1\">\n<p class=\"brz-text-lg-center brz-tp-lg-empty brz-ff-noto_serif brz-ft-google brz-fs-lg-24 brz-fss-lg-px brz-fw-lg-700 brz-ls-lg-m_0_5 brz-lh-lg-1_5 brz-vfw-lg-400 brz-fwdth-lg-100 brz-fsft-lg-0 brz-css-yGe9y\" data-uniq-id=\"whWlx\" data-generated-css=\"brz-css-crqwg\"><em class=\"brz-italic-true brz-cp-color5\">\u2714 Utilizare versatil\u0103<\/em><\/p>\n<\/div>\n<\/div>\n<\/div>\n<div id=\"\" class=\"brz-css-d-wrapper brz-css-1gmqsti brz-wrapper\">\n<div class=\"brz-image brz-css-d-image-fdhkv7vewv1q-parent brz-css-1lnb86h\" data-brz-custom-id=\"fdHkV7VeWv1q\"><img decoding=\"async\" class=\"brz-img\" src=\"https:\/\/amza-cleanline.com\/wp-content\/uploads\/brizy\/imgs\/424f5b7c8fb1cc9e7d1ada8d37a2c63f-335x444x0x38x335x298x1772225583.jpg\" loading=\"lazy\" alt=\"\" title=\"424f5b7c8fb1cc9e7d1ada8d37a2c63f\"><\/div>\n<\/div>\n<div id=\"\" class=\"brz-css-d-wrapper brz-css-dfuroe brz-wrapper\">\n<div class=\"brz-rich-text brz-rich-text__custom brz-css-d-richtext brz-css-1vbkpun\" data-brz-custom-id=\"txF0NeAiNxnb\">\n<div data-brz-translate-text=\"1\">\n<p data-generated-css=\"brz-css-mYWeQ\" data-uniq-id=\"tleD0\" class=\"brz-vfw-lg-400 brz-fwdth-lg-100 brz-fsft-lg-0 brz-tp-lg-empty brz-ff-noto_serif brz-ft-google brz-fs-lg-21 brz-fss-lg-px brz-fw-lg-400 brz-ls-lg-0 brz-lh-lg-1_6 brz-css-dIQ5v\"><em class=\"brz-cp-color5 brz-italic-true\">Potrivite pentru majoritatea tipurilor de \u021bes\u0103turi, conform instruc\u021biunilor de pe ambalaj.<\/em><\/p>\n<\/div>\n<\/div>\n<\/div>\n<\/div>\n<\/div>\n<\/div>\n<\/div>\n<div id=\"\" class=\"brz-css-d-wrapper brz-css-r-wrapper brz-css-4vj31n brz-wrapper\">\n<div class=\"brz-spacer brz-css-d-spacer brz-css-1x9mpig\"><\/div>\n<\/div>\n<\/div>\n<\/div>\n<\/div>\n<\/div>\n<\/div>\n<\/div>\n<\/section><\/div>\n<p><!-- version:1774514944 --><\/p>\n","protected":false},"excerpt":{"rendered":"<p>AMZA CLEANLINE Noua genera\u021bie de detergen\u021bi \u0219i balsam de rufe cu putere mare de \u00eenmuiere \u0219i cur\u0103\u021bare. Cur\u0103\u021bare eficient\u0103 pentru familiile moderne ! AMZA CLEANLINE ofer\u0103 solu\u021bii de cur\u0103\u021bare pentru rufe cu utilizare zilnic\u0103 \u2014 formule eficiente care \u00eembin\u0103 performan\u021ba cur\u0103\u021b\u0103rii profunde cu prospe\u021bimea de durat\u0103. Gama noastr\u0103 include detergen\u021bi \u0219i balsamuri create pentru nevoile [&hellip;]<\/p>\n","protected":false},"author":1,"featured_media":0,"parent":0,"menu_order":0,"comment_status":"closed","ping_status":"closed","template":"brizy-blank-template.php","meta":{"footnotes":""},"class_list":["post-1107","page","type-page","status-publish","hentry"],"blocksy_meta":[],"brizy_media":[{"id":1100,"url":"https:\/\/amza-cleanline.com\/wp-content\/uploads\/2026\/02\/cleanline-logo-bg-alb.png","name":"cleanline-logo-bg-alb.png","meta":{"brizy_attachment_uid":"wp-48040d72e70b2eecb9b9daf0ac8031e8.png","brizy_post_uid":["911bd8b45a43f32f9605fcbe358d5a43"]}},{"id":1101,"url":"https:\/\/amza-cleanline.com\/wp-content\/uploads\/2026\/02\/cleanline-logo-transparent.png","name":"cleanline-logo-transparent.png","meta":{"brizy_attachment_uid":"wp-cd1f9a337edfb4a69ec17fa78690ffd1.png","brizy_post_uid":["911bd8b45a43f32f9605fcbe358d5a43"]}},{"id":1102,"url":"https:\/\/amza-cleanline.com\/wp-content\/uploads\/2026\/02\/cleanline-home-idea-2.jpg","name":"cleanline-home-idea-2.jpg","meta":{"brizy_attachment_uid":"wp-3bcd010802bf6437f1b29e29f9e4199a.jpg","brizy_post_uid":["911bd8b45a43f32f9605fcbe358d5a43"]}},{"id":1652,"url":"https:\/\/amza-cleanline.com\/wp-content\/uploads\/2026\/02\/PrDfT-zyG2FI8uVhjehRp1nZOYRqGWTBd8tbnVSO-oMWTI7_o_Jr6A45LKBsFpscZtYeQxzvPX3WTVvMKnAg2iAYT-RO8w8AvP6SU5_-1Bk.jpeg","name":"PrDfT-zyG2FI8uVhjehRp1nZOYRqGWTBd8tbnVSO-oMWTI7_o_Jr6A45LKBsFpscZtYeQxzvPX3WTVvMKnAg2iAYT-RO8w8AvP6SU5_-1Bk.jpeg","meta":{"brizy_attachment_uid":"wp-42dba95a31df0135619467c241a724d5.jpeg","brizy_post_uid":["911bd8b45a43f32f9605fcbe358d5a43"]}},{"id":1653,"url":"https:\/\/amza-cleanline.com\/wp-content\/uploads\/2026\/02\/a961f7b2b7fadadb200e915b426e6e54.jpg","name":"a961f7b2b7fadadb200e915b426e6e54.jpg","meta":{"brizy_attachment_uid":"wp-b834a8d213cfa9daa8659a95f6049974.jpg","brizy_post_uid":["911bd8b45a43f32f9605fcbe358d5a43"]}},{"id":1654,"url":"https:\/\/amza-cleanline.com\/wp-content\/uploads\/2026\/02\/01401a39d5274c1739b103c58e9477ef.jpg","name":"01401a39d5274c1739b103c58e9477ef.jpg","meta":{"brizy_attachment_uid":"wp-6d19a9c21bc641e3b18efc5b3126aae2.jpg","brizy_post_uid":["911bd8b45a43f32f9605fcbe358d5a43"]}},{"id":1655,"url":"https:\/\/amza-cleanline.com\/wp-content\/uploads\/2026\/02\/084a58ea34037c53f29f13dc709488ea.jpg","name":"084a58ea34037c53f29f13dc709488ea.jpg","meta":{"brizy_attachment_uid":"wp-755686012c5bc018d6a071211762a25f.jpg","brizy_post_uid":["911bd8b45a43f32f9605fcbe358d5a43"]}},{"id":1659,"url":"https:\/\/amza-cleanline.com\/wp-content\/uploads\/2026\/02\/26d7166b271fc9c7b2667fc0e873906d.jpg","name":"26d7166b271fc9c7b2667fc0e873906d.jpg","meta":{"brizy_attachment_uid":"wp-2e9c697317d39f04f82b54d939936841.jpg","brizy_post_uid":["911bd8b45a43f32f9605fcbe358d5a43"]}},{"id":1660,"url":"https:\/\/amza-cleanline.com\/wp-content\/uploads\/2026\/02\/424f5b7c8fb1cc9e7d1ada8d37a2c63f.jpg","name":"424f5b7c8fb1cc9e7d1ada8d37a2c63f.jpg","meta":{"brizy_attachment_uid":"wp-3464b9db01122213c5728581bdc68991.jpg","brizy_post_uid":["911bd8b45a43f32f9605fcbe358d5a43"]}},{"id":1661,"url":"https:\/\/amza-cleanline.com\/wp-content\/uploads\/2026\/02\/8241db46cccb099a49145db8a9fb4546.jpg","name":"8241db46cccb099a49145db8a9fb4546.jpg","meta":{"brizy_attachment_uid":"wp-9b911c6190597fb29113e918942759fd.jpg","brizy_post_uid":["911bd8b45a43f32f9605fcbe358d5a43"]}},{"id":1690,"url":"https:\/\/amza-cleanline.com\/wp-content\/uploads\/2026\/02\/Av_2_brown.jpg","name":"Av_2_brown.jpg","meta":{"brizy_attachment_uid":"wp-3461f2cb8e37e30c7c7b0f994925cd54.jpg","brizy_post_uid":["911bd8b45a43f32f9605fcbe358d5a43"]}},{"id":1852,"url":"https:\/\/amza-cleanline.com\/wp-content\/uploads\/2026\/02\/f1d8b999e37bb4658aa1cefc21ce98c1.jpg","name":"f1d8b999e37bb4658aa1cefc21ce98c1.jpg","meta":{"brizy_attachment_uid":"wp-1fdd3d27d4706714de7c960284bf43ff.jpg","brizy_post_uid":["911bd8b45a43f32f9605fcbe358d5a43"]}},{"id":1854,"url":"https:\/\/amza-cleanline.com\/wp-content\/uploads\/2026\/02\/31e13abe8c53852936810250240a33bd.jpg","name":"31e13abe8c53852936810250240a33bd.jpg","meta":{"brizy_attachment_uid":"wp-e567c39604d6535b07dca0efd629cbb5.jpg","brizy_post_uid":["911bd8b45a43f32f9605fcbe358d5a43"]}},{"id":1987,"url":"https:\/\/amza-cleanline.com\/wp-content\/uploads\/2026\/03\/Detergenti-si-balsam-2.jpg","name":"Detergenti-si-balsam-2.jpg","meta":{"brizy_attachment_uid":"wp-6593221d4744de115d8eb335e99fe0a3.jpg","brizy_post_uid":["911bd8b45a43f32f9605fcbe358d5a43"]}}],"_links":{"self":[{"href":"https:\/\/amza-cleanline.com\/index.php\/wp-json\/wp\/v2\/pages\/1107","targetHints":{"allow":["GET"]}}],"collection":[{"href":"https:\/\/amza-cleanline.com\/index.php\/wp-json\/wp\/v2\/pages"}],"about":[{"href":"https:\/\/amza-cleanline.com\/index.php\/wp-json\/wp\/v2\/types\/page"}],"author":[{"embeddable":true,"href":"https:\/\/amza-cleanline.com\/index.php\/wp-json\/wp\/v2\/users\/1"}],"replies":[{"embeddable":true,"href":"https:\/\/amza-cleanline.com\/index.php\/wp-json\/wp\/v2\/comments?post=1107"}],"version-history":[{"count":30,"href":"https:\/\/amza-cleanline.com\/index.php\/wp-json\/wp\/v2\/pages\/1107\/revisions"}],"predecessor-version":[{"id":2359,"href":"https:\/\/amza-cleanline.com\/index.php\/wp-json\/wp\/v2\/pages\/1107\/revisions\/2359"}],"wp:attachment":[{"href":"https:\/\/amza-cleanline.com\/index.php\/wp-json\/wp\/v2\/media?parent=1107"}],"curies":[{"name":"wp","href":"https:\/\/api.w.org\/{rel}","templated":true}]}}